e prime factors of g(61)?
2, 5, 4091
Let g = -23106 - -35397. What are the prime factors of g?
3, 17, 241
Suppose 566302 - 133914 + 682404 = 28*r. List the prime factors of r.
2, 17, 1171
Suppose 21*f = 10260 + 18888. List the prime factors of f.
2, 347
Let g(a) = 0 + 9 - 4*a + 4 - 3*a. Let p be g(-20). Suppose 5*z - 328 = -2*n, -4*z = -n - z + p. List the prime factors of n.
3, 53
Let u be 10*(50/8 - (-4)/16). Let d = u + 52. Suppose -3*s + 4*p + 176 = 0, -2*s = -0*p - 3*p - d. List the prime factors of s.
2, 3, 5
Suppose -r = -5*r + 4*i - 8, r - 2*i = -6. List the prime factors of (55/15)/(r/192).
2, 11
Let r = 309 - 296. Suppose 14*l - 3*o = r*l + 1747, 6949 = 4*l + o. List the prime factors of l.
2, 11, 79
Suppose -82*c = -1545560 + 229870. What are the prime factors of c?
5, 3209
Let c(r) = -r**3 - 3*r**2 + 21*r - 6. Let s be c(3). List the prime factors of s/(-72)*-3 - 21373/(-88).
3
Let h = 95819 - 44676. List the prime factors of h.
199, 257
Suppose -5*i + 23 = -37. Suppose 4*z - i*z + 128 = 0. Suppose -125 = z*t - 21*t. What are the prime factors of t?
5
Let f(z) = -880*z - 517. List the prime factors of f(-17).
11, 13, 101
Let a be (-2 + 0)/(-6 - -4)*2. List the prime factors of (42 - 43) + 185*2/a.
2, 23
Let c(n) = 710*n**2 - 15*n - 61. List the prime factors of c(-3).
2, 3187
Let x(a) = 22*a - 117. Let q be x(-10). Let m = q + 649. List the prime factors of m.
2, 3, 13
Let p be (10/2 - 6) + 451. List the prime factors of (-4)/(-18) + 185300/p.
2, 103
Let s = 87104 + -47103. List the prime factors of s.
13, 17, 181
Suppose -3*o - k = 31, 5*k - 31 = -6. Let p = o + 15. Suppose 0 = 4*x - 2*c - 86 - 0, p*x + c - 52 = 0. What are the prime factors of x?
19
Suppose -4*t + 3*i = 706, -3*t - 4*i - 545 + 3 = 0. List the prime factors of (t/6)/((-56)/(-60) - 1).
5, 89
Let p be 2771 - 0 - (-16)/(-8)*-2. Suppose 56*u - 51*u = p. List the prime factors of u.
3, 5, 37
Let n be -1 + 742 + 6 + 0. Suppose 0*s - 3*s + 2259 = -3*d, -3*d = -s + n. What are the prime factors of s?
2, 3, 7
Suppose -10 = -4*r + 6. Suppose -4*n + 278 + 178 = -2*z, -2*n + r*z + 228 = 0. Suppose 2*m - n = 10. What are the prime factors of m?
2, 31
Let h be 143/78 + 1/6. What are the prime factors of 42456/192 - h/16?
13, 17
Let z = 20434 + -11163. What are the prime factors of z?
73, 127
Let z(t) = 18*t - 22 + 17*t + 0*t. Let n be z(5). Suppose -8*f + n + 215 = 0. List the prime factors of f.
2, 23
List the prime factors of (-4)/(-10)*-569*(-2 + (-23 - 5)).
2, 3, 569
Let f = 40 + -44. Let y be ((-4)/5 - f/5)/(-2). Suppose y*t + 104 = 4*t. What are the prime factors of t?
2, 13
Let m(u) = u**3 + 25*u**2 + 43*u - 23. Let w be m(-23). Let i = w + -21. Suppose 5*g - 3*z - 455 = -0*z, 5*z = i. List the prime factors of g.
2, 47
Let b = 3053 + -2061. What are the prime factors of b?
2, 31
Let w(a) = 67*a**2 - 2*a + 2. Let b(x) = x**2 + 6*x + 5. Let u be b(-3). Let t be ((-1)/u)/((-10)/(-40)). What are the prime factors of w(t)?
67
Let w = 64252 - 9848. What are the prime factors of w?
2, 7, 29, 67
Let f(u) = 218*u + 56. Let c(s) = 20*s + 5. Let q(o) = 68*c(o) - 6*f(o). What are the prime factors of q(6)?
2, 79
Suppose 0*m = 5*m. Let s(z) = 18 - 3*z + 2*z + m*z - z. What are the prime factors of s(-8)?
2, 17
Suppose -8*x + 3*x = 60. Let z = x + -9. List the prime factors of (z/(-6))/((-2)/(-4)).
7
Let a(c) = c**3 - 2*c**2 + 3*c + 3. Let n be a(0). Let z(b) = 18*b**3 + 5*b**2 - 7*b + 5. What are the prime factors of z(n)?
5, 103
Suppose 0 = -13*l - 10*l + 46. Suppose 0 = 2*d + 5*i - 3*i - 630, 0 = -l*i. What are the prime factors of d?
3, 5, 7
Suppose 0 = -3*x + 3*d + 116790, 70*x - 67*x + 2*d - 116830 = 0. What are the prime factors of x?
2, 19469
Suppose 96*t = -7*t + 124733. List the prime factors of t.
7, 173
Let n(z) = z**3 - 4*z**2 - 12*z + 2. Let q be n(6). Let v(o) = o**3 - 7*o**q - 10 + 3*o**2 - 4*o + 15*o. What are the prime factors of v(6)?
2
Suppose 22 + 24 = 23*t. Suppose 2005 = t*k + 3*k. What are the prime factors of k?
401
Suppose 3*l = 13*l - 40. Suppose -6*d + l = -7*d. Let a(g) = 3*g**2 + g + 14. List the prime factors of a(d).
2, 29
List the prime factors of (-162)/12 + 14 + ((-301746)/(-4) - 2).
3, 5, 47, 107
Suppose -w = -7561 + 1666. What are the prime factors of w?
3, 5, 131
Let d(b) = b**3 - 6*b**2 - 5*b + 47. Suppose -19*v + 32 = -139. List the prime factors of d(v).
5, 7
Suppose x + 2*n = 2, x - 5*x - 3*n = -28. Suppose -6*v + 5*z - 1918 = -x*v, 0 = -5*v + 2*z + 2414. What are the prime factors of v?
2, 241
Suppose -12*s + 2816 = 248. Let q = s - 75. Suppose 39 = a - 0*c - 3*c, -4*a + q = 5*c. What are the prime factors of a?
2, 3
Suppose w - 163 = a, w - 34 = -a + 129. Let r = w + -140. What are the prime factors of r?
23
Suppose 3*f + 2*q - 21 = -2*q, 2*q = 2*f. Suppose 0 = -f*w + 3*j, -w - 5*j = -4*w + 4. What are the prime factors of 15/w*(-96)/30?
2, 3
Let s(a) = -2734*a + 139. Let j be s(-22). Suppose 29*c = -20441 + j. What are the prime factors of c?
2, 3, 229
Let x(w) = -w**2 - 4*w - 4. Let n be x(-3). Let j = -3164 + 3163. What are the prime factors of ((-267)/(j - -4))/(-2 - n)?
89
Let o be 3/((-6)/3148)*(-4)/(-8). Let a = -216 - o. What are the prime factors of a?
571
Suppose -45*r = -42*r - 3*m - 118683, -79167 = -2*r - 3*m. What are the prime factors of r?
2, 3, 5, 1319
Let o(p) = 116*p**2 - 92*p + 1420. What are the prime factors of o(16)?
2, 7411
What are the prime factors of (-8674743)/(-595) + (2 - 7/5)?
2, 3, 5
Let j = 161 - 303. Let y = j + 100. Let w = y + 45. List the prime factors of w.
3
Let h(v) = 1. Let u(z) = 15*z + 1029. Let q(i) = 5*h(i) + u(i). List the prime factors of q(0).
2, 11, 47
Let q = -426 - -393. What are the prime factors of (-1877)/(-2) - (q/(-6))/11?
2, 7, 67
What are the prime factors of 2214285/473 + -1*4/11?
31, 151
List the prime factors of (2 - -859)/((-57)/(-399)).
3, 7, 41
Let q(g) = 75*g**2 - 638*g - 20. List the prime factors of q(19).
109, 137
Let q(b) = -b**2 + 32*b + 34. Let u be q(33). List the prime factors of 234 + -23 - (u - 0).
2, 3, 5, 7
Let c = 599 + -226. Let a = -265 + c. List the prime factors of a.
2, 3
Let h = 8878 + 3931. List the prime factors of h.
12809
Suppose 0 = -7*a + 19 + 79. Let x(g) = 10*g - 49. List the prime factors of x(a).
7, 13
Let g(u) = -u**2 + 2*u + 1. Let k(r) = -2*r**3 - 53*r**2 + 35*r + 19. Let v(s) = 4*g(s) + k(s). What are the prime factors of v(-30)?
1433
Suppose 2*z = 94 + 54. Let p = 84 - z. What are the prime factors of (2 - 35/p)*(-46)/3?
23
Let q be 3/(1 - (-16)/(-22)). Let l be (-2)/11 + 35/q + -400. What are the prime factors of 2/(-8) + l/(-4)?
3, 11
List the prime factors of 5 + (16435 - 2 - -7).
5, 11, 13, 23
Suppose 4*h - 8684 = 1440. Let z = h - 1543. List the prime factors of z.
2, 13, 19
Let p = 20289 + -8349. What are the prime factors of p?
2, 3, 5, 199
Let r = -16923 + 28210. What are the prime factors of r?
11287
Let d be 5 + (29/10 - 4/(-40)). Suppose -2*n - d*n = -6920. What are the prime factors of n?
2, 173
Let y(a) = 99*a + 24. Let r(u) = u - 1. Let h(t) = r(t) - y(t). List the prime factors of h(-3).
269
What are the prime factors of ((-735)/42)/(4/(-2581 - 3))?
5, 7, 17, 19
Let j(l) = -16967*l**3 + 12*l + 4. What are the prime factors of j(-1)?
3, 5653
What are the prime factors of 10053380/260 + (-2)/(-13)?
3, 12889
Suppose 4*q - 4*w - 10789 - 79115 = 0, 4*q = 2*w + 89892. What are the prime factors of q?
2, 3, 5, 7, 107
Let y(x) = -3*x - 5. Let z be y(-3). Suppose 0 = 4*o + 4*c + z - 20, -4*o + 4*c + 48 = 0. Suppose -1008 = -o*f - 4*f. List the prime factors of f.
2, 3, 7
Suppose 3*o = -2*j - 3298, -4*o = 5*j + 2377 + 2032. Let q = o + 1706. What are the prime factors of q?
2, 5, 61
Let u(p) = -14*p - 91 - p**2 + 96 + 18*p. Let o be u(5). Let y(q) = -2*q + 153. What are the prime factors of y(o)?
3, 17
Let i(y) = 27*y - 107. Let g(x) = -x + 1. Let p be g(-5). What are the prime factors of i(p)?
5, 11
Let k = -551 + 731. List the prime factors of (6237/(-385))/((-2)/k).
2, 3
Let h be (-24)/8 - (2 + -1)*-283. Suppose w + 124 = h. What are the prime factors of w?
2, 3, 13
Let k(a) = 3*a**3 - a**2 + 314*a + 45. What are the prime factors of k(16)?
7, 349
Suppose 4*r = -n + 46391, -46403 = -4*r + 2*n - 7*n. List the prime factors of r.
11